. Suppose 3*g = g - 2*m + 62, -3*m = 0. What is the remainder when p is divided by g?
29
Let b be 4/10*(0 + 10). Let n = 0 + b. Suppose 5*k - 137 = k - x, -128 = -4*k - n*x. Calculate the remainder when k is divided by 12.
11
Let c = 12 - 1. What is the remainder when c is divided by 4?
3
Suppose 0 = 2*l - 2*v - 30, 2*v - 4 + 0 = 0. Calculate the remainder when 29 is divided by l.
12
Let g(u) = -u**3 + 8*u**2 + 14*u - 11. Calculate the remainder when g(9) is divided by 12.
10
Let u = -24 + 36. Calculate the remainder when u is divided by 5.
2
Let k = -6 - -10. Suppose -h + k = 1. What is the remainder when 7 is divided by h?
1
Let u = -5 + 68. Suppose 0 = -3*p + 2*c + 60, -2*p + 4*c + 0*c + 32 = 0. What is the remainder when u is divided by p?
19
What is the remainder when 10*(7 - -4)/1 is divided by 37?
36
Let t = 98 + 32. Calculate the remainder when 50 is divided by t/15*6/4.
11
Let f(a) = -a**3 + 10*a**2 + 15*a - 20. Calculate the remainder when f(11) is divided by 2.
0
Suppose 5*j = 2*a + 71, 4*a - 21 = -j + a. Let s = -34 - -38. Calculate the remainder when j is divided by s.
3
Suppose h + 0*h = -4*k + 34, k = -2*h + 5. Calculate the remainder when 132/k + 1/3 is divided by 8.
7
Let u(i) = -i**3 + 15*i**2 + 17*i - 12. What is the remainder when 21 is divided by u(16)?
1
Suppose b = 4*b. Suppose x - 25 + 2 = b. Calculate the remainder when 67 is divided by x.
21
Let f = -32 - -47. Let k = f - -17. Calculate the remainder when 126 is divided by k.
30
Let a be (-1 - (-4)/2) + 1. Suppose -2*w + 4*w - 225 = s, -a*w + 5*s + 221 = 0. Calculate the remainder when w is divided by 29.
26
Let r(w) = -5*w**3 - 4*w**2 - 11*w + 4. Let o(h) = -4*h**3 - 5*h**2 - 10*h + 3. Let a(n) = -4*o(n) + 3*r(n). What is the remainder when a(-5) is divided by 21?
19
Suppose -71 = -i + 23. Suppose 0 = -5*k + 56 + 64. Calculate the remainder when i is divided by k.
22
Suppose -3*u - 2*u + 25 = 0. Suppose -u*j = -3*j - 8. Calculate the remainder when 15 is divided by j.
3
Let s(y) = y**3 - 4*y**2 + 2. Let o be (-4)/(-3)*15/10. Let g be o/3*(-24)/(-4). What is the remainder when s(g) is divided by 1?
0
What is the remainder when ((-24)/(-2))/(5/((-105)/(-6))) is divided by 15?
12
Calculate the remainder when 109 is divided by (-21)/(-42) + (-114)/(-4).
22
Let t(c) = -c**2 + 12*c - 7. Let j be t(7). Suppose m - 3*m - u + 20 = 0, 4*m = 4*u + j. Suppose m = -n + 60. What is the remainder when n is divided by 18?
15
Let u = 95 + -79. Calculate the remainder when u is divided by 8.
0
Let j(f) = f**3 - 2*f + 1. What is the remainder when 8 is divided by j(2)?
3
Suppose 69 = 5*t - r, t - 58 = -3*t - 2*r. What is the remainder when 39 is divided by t?
11
Let b(w) = 12*w**2 + 3*w + 3. What is the remainder when b(-2) is divided by (-17)/(-1) + -4 + -1?
9
Suppose 83 = 3*d + 2*f + 25, -d + 26 = 2*f. Calculate the remainder when 46 is divided by d.
14
Suppose -d + 3*l = -3*d + 10, 0 = 2*d - 3*l - 22. Suppose -3*q + 34 + d = 0. What is the remainder when 38 is divided by q?
10
Suppose 3*f + 2*f + 35 = 0. Let t(h) = -2*h - 8. Let y be t(f). Calculate the remainder when 16 is divided by (-81)/6*(-4)/y.
7
Suppose 3*s - 166 = -43. Let r(u) = 4*u. Let w be r(-2). Let j = 6 - w. Calculate the remainder when s is divided by j.
13
Suppose 5*q - 8 = 7. Suppose -q*s = 2*s - 10. Suppose -5*k + 24 = -1. What is the remainder when k is divided by s?
1
Suppose 2*g + 7*m - 2*m = 24, -17 = -3*g + 2*m. Suppose -g = -q + 5. Let y = 39 + -16. Calculate the remainder when y is divided by q.
11
Let t = 4 + 0. Let p(n) = n**3 - 11*n**2 + 11*n. Calculate the remainder when p(10) is divided by t.
2
Suppose -21 = -4*r + 59. Calculate the remainder when 36 is divided by r.
16
Let u = -40 - -47. What is the remainder when u is divided by 5?
2
Suppose 5*s - 17 = 78. Suppose -5 - s = -3*u. Calculate the remainder when 23 is divided by u.
7
Suppose -3*y - 10 = z, 5*y + 17 + 3 = 0. Suppose 2*d = z*l - 5*l + 23, -d = -2*l + 6. Suppose l*c - 19 = -4. What is the remainder when c is divided by 2?
1
Let j = 38 + -3. Let v be ((-36)/(-15))/(4/(-20)). Let b = 24 + v. Calculate the remainder when j is divided by b.
11
Suppose 2*x + 4*f = 6*x - 24, 5*f = -4*x - 21. Let d be (0 + x - -2)*1. Suppose 3*g - 53 = s, 0 = 2*s + s - d. What is the remainder when g is divided by 10?
8
Let a(m) = m**3 + 3*m**2 - 5*m - 1. Let j be a(-4). Let n be 110/6 - j/9. Suppose n + 18 = 4*w. What is the remainder when 26 is divided by w?
8
Let z be -9 - (-3 - (3 - 7)). Let q = z + 28. What is the remainder when 35 is divided by q?
17
Let r be 15/10*(-20)/(-6). Suppose r*t + 5*b - 93 = -38, 3*t - b - 53 = 0. What is the remainder when t is divided by 6?
4
Suppose -3*b - 3*y = -10 + 91, 4*b - 5*y = -126. Let n = -18 - b. Suppose -3*j + 36 = -21. What is the remainder when j is divided by n?
8
Let d = -26 - -44. What is the remainder when 27 is divided by d?
9
Suppose 0 = -b + 1, -2*m + b = 11 + 20. Let x = m - -29. Suppose -2*h + 51 + 59 = 0. What is the remainder when h is divided by x?
13
Suppose 0 = -5*k + 2*r + 67, r - 23 = -5*k + 41. Let b = 8 - 4. Suppose -b*v = -2*v - 72. Calculate the remainder when v is divided by k.
10
Let b(g) = g**3 - 5*g**2 + 5*g + 6. Let a(f) = f**2 - f + 11. Calculate the remainder when b(5) is divided by a(0).
9
Suppose -3*c + 71 = -2*q - 150, 5*q - 4*c = -570. Let l be q/(-5) + (-4)/(-10). Let o = -14 + l. What is the remainder when 37 is divided by o?
7
Let x(o) = o**2 + 2*o + 2. Let b(p) = -4*p**2 + p**3 - 5*p**2 + 7 + 2*p**2 + 4*p. Let c be b(6). Calculate the remainder when x(c) is divided by 5.
2
Let d(f) = -3*f**3 - 3*f**2 - 2*f - 2. Let k be (-121)/55 - 1/(-5). What is the remainder when d(k) is divided by 5?
4
Let s(l) = 8*l**2 - l - 1. Calculate the remainder when s(-1) is divided by 5.
3
Let m = -22 - -33. Let u = -6 + m. Suppose -2*d + 5 = -1. Calculate the remainder when u is divided by d.
2
Let m = -74 - -107. Suppose -s + 3*o = s - 16, -5*s - 10 = 5*o. Suppose 13 + 21 = s*n. Calculate the remainder when m is divided by n.
16
Let u = 0 - -4. Let q = u + 10. Let o(j) = -j**2 + 13*j + 3. What is the remainder when o(9) is divided by q?
11
Let p(o) = o**3 + 6. Let r be p(0). Suppose 2*b = -2, r*b = -q + b. Calculate the remainder when q is divided by 2.
1
Let x = 6 - 4. Suppose 8*b - 7*b = 12. Let h = -9 + b. Calculate the remainder when h is divided by x.
1
Let i(s) = s**2 + 5*s + 3. Calculate the remainder when i(4) is divided by 2/(-7) + (-792)/(-77).
9
Let a = 40 - 27. Let j(g) = -g**2 - 9*g - 7. What is the remainder when a is divided by j(-7)?
6
Suppose 2*q = -2 + 8. Suppose -2*y - q*y = -40. Let l(w) = -w**3 + 7*w**2 + 10*w + 10. Calculate the remainder when l(y) is divided by 14.
12
Let k(c) = c + 3*c**2 + 1 + 3*c**2 - 5*c**2 - 2. What is the remainder when 36 is divided by k(4)?
17
Suppose -22*a = 117 - 139. Suppose -2*v = 5*f - 6, v + 2*v = -5*f + 9. Suppose -v*j = -j - 2. What is the remainder when a is divided by j?
0
Suppose -p - a - 4*a = 0, 0 = -2*p + 3*a + 39. What is the remainder when p is divided by 4?
3
Let v(x) = -20*x + 16. Calculate the remainder when (-2)/(-3) + 181/3 is divided by v(0).
13
Let h = -24 - -30. Calculate the remainder when 16 is divided by h.
4
Suppose 11*x = -7*x + 90. Calculate the remainder when (0 + -1)/((-1)/17) is divided by x.
2
Let l(u) = u**2 + u + 11. Calculate the remainder when l(-6) is divided by 21.
20
Let z = -6 - -8. Suppose -16 = -p + z. Calculate the remainder when 53 is divided by p.
17
Suppose -3*u = -4*l - 0*l - 139, l + 145 = 3*u. Suppose 0 = o - 0*o - 26. Calculate the remainder when u is divided by o.
23
Suppose -3*d - 2*d + 200 = 0. Let t = -32 + 16. Let p = d - t. Calculate the remainder when p is divided by 19.
18
What is the remainder when 167 is divided by (-2 + -2*11)*(-21)/12?
41
What is the remainder when (-4)/(-6) - 470/(-15) is divided by (-33)/(-3) - 0/2?
10
Suppose 0 = 4*y - 5*f - 113, 2*y - 2*f = -2*y + 98. What is the remainder when y is divided by 8?
6
Suppose 14*j - 3*j - 858 = 0. What is the remainder when j is divided by 16?
14
Suppose -10 = -3*i + 5. Let n be (0 - 0/1)/1. Suppose -5*v + 3*g + 92 = n, -4*v + g = -6*v + 39. What is the remainder when v is divided by i?
4
Let a(i) = 2*i**3 + 1. Let r be a(-1). What is 